t the prime factors of z.
2, 17
Let b(j) = -j**3 + 11*j**2 - 11*j + 10. Let y be b(10). Let c be 0/(-5 - -3 - y). Suppose 4*a + g + g - 54 = 0, c = a + 4*g + 4. List the prime factors of a.
2
Suppose -20 = -q - 5*k, -4*q - 5*k + 18 = -17. Suppose -q*b + 150 = -5*u, 2*b - 3*u - 52 = 6. Suppose -r - b = -5*r. What are the prime factors of r?
2
Let z(w) = 7*w**2 - 5*w + 5. List the prime factors of z(11).
797
Let d(v) = 16*v + 10. Let b be d(-1). Let u(g) be the second derivative of g**4/12 + 2*g**3/3 + g**2 + g. List the prime factors of u(b).
2, 7
Suppose 30 = -6*w + 4*w. Let y(a) = a**2 + 15*a + 1. Let t be y(w). Suppose 3*g - 119 = t. What are the prime factors of g?
2, 5
Let c be 12 - 0*(-5)/20. List the prime factors of ((-57)/6)/((c/64)/(-3)).
2, 19
Let j = 105 - 20. List the prime factors of j.
5, 17
Suppose 4*x + 21 = l - 0*l, 2*x = -6. Let a = 25 - l. Suppose -a = -4*o + 160. List the prime factors of o.
2, 11
Let j be 3 - 22 - (-8)/4. Let z = 76 - j. List the prime factors of z.
3, 31
Suppose -1569 - 6615 = -6*r. List the prime factors of r.
2, 11, 31
Let v = 1485 - -1218. What are the prime factors of v?
3, 17, 53
Let u be 117/((-2 - 2)/(-4)). Let p = 41 + u. What are the prime factors of p?
2, 79
Let r = 251 - 353. Let w = r + 181. List the prime factors of w.
79
Let b(n) = -64*n + 12. Let p(y) = 21*y - 4. Let t(c) = 3*b(c) + 10*p(c). What are the prime factors of t(12)?
2, 53
Let w(d) = -37*d. Suppose -2*n = -6*i + 3*i - 17, i = -5*n. Let z be w(n). Let l = -19 - z. What are the prime factors of l?
2, 3
Let y(d) be the second derivative of -1/12*d**4 + 1/2*d**2 + 0 - 7/6*d**3 - 9*d. List the prime factors of y(-6).
7
Suppose -11*d + 1944 = d. List the prime factors of d.
2, 3
Suppose -13*w + 4*r = -12*w - 1628, 0 = r - 4. What are the prime factors of w?
2, 3, 137
Let v = 14 + -11. Suppose 4*r = -20, 3*r - 7 = v*i - r. Let b = -5 - i. List the prime factors of b.
2
Suppose -5*h + 4*c = 852, -2*c + 498 = -3*h - 4*c. List the prime factors of (-2*h/30)/((-1)/(-10)).
2, 7
Let a be (-1)/1 - 9*7/3. List the prime factors of (2/1 - 0)*(-583)/a.
53
Suppose -20*z = -21*z + 1. Let v = 31 + z. What are the prime factors of v?
2
Suppose 3 = 4*k - 1. List the prime factors of (2 - -1)/(k - (-237)/(-246)).
2, 41
Let u = -146 + 130. Suppose 0 = -5*o - 3 - 17. What are the prime factors of -64*(-1 + o/u)?
2, 3
Suppose 143 = z + 14. Let y = -299 + z. What are the prime factors of y/(-8) - 3/(-4)?
2, 11
Let w(r) = 600*r**3 - 11*r + 11. List the prime factors of w(1).
2, 3, 5
Suppose -o = 2*o + 54. Let f = 226 + o. Suppose -f = -2*q - 76. What are the prime factors of q?
2, 3, 11
Suppose 2 = -7*u + 44. Suppose -2*n + u - 248 = -4*f, -2*f + 127 = 5*n. What are the prime factors of f?
61
Let h be (17/(-3) - -5)/(2/75). Suppose 0 = 5*i + 2*l - 236 - 39, 2*l = 5*i - 255. Let a = i + h. What are the prime factors of a?
2, 7
Let g(y) = -4 + 0 + y + 2 - 3. Let f be g(5). What are the prime factors of 5/1 - (0 - f)?
5
Let s be (-1430)/(-7) + 10/(-35). Let r = 144 - s. Let l = 110 + r. What are the prime factors of l?
2, 5
Let g(j) be the second derivative of j**4/12 - j**3/2 - j**2 + j. Suppose -5*f + 10 = -5*l, -6*f + 7 = -3*l - 4*f. What are the prime factors of g(l)?
2
Let i be (-5 + 2)/((-3)/1). List the prime factors of (i - 1) + (23 - -1).
2, 3
Let l(b) = -23*b - 12. Let n be l(-6). What are the prime factors of (1/3)/(3/n)?
2, 7
Let w be (-1)/7 - 918/42. Let s = 13 - w. What are the prime factors of s?
5, 7
Let m = -85 + 155. Suppose -4*s = -m - 58. Suppose 4*f - 5*w = 264, -f + 4*w + s + 34 = 0. What are the prime factors of f?
2, 3, 11
Suppose 66*b - 69*b = -4*u - 4226, 3*u + 7025 = 5*b. What are the prime factors of b?
2, 701
Let z = 38 - 42. What are the prime factors of (9/z)/(8/(-384))?
2, 3
Let w be (-3)/(12/(-20)) + -3. Suppose -2*n - w*n + 24 = 0. Suppose 2*o = -v + 67, v = -o + n*o - 164. List the prime factors of o.
3, 11
Let s be 19*(58/4 - 16/32). Suppose s = 3*k - 340. List the prime factors of k.
2, 101
Let h(q) be the third derivative of 5*q**4/24 - 5*q**3/6 - 5*q**2. Let f be h(5). Suppose a - 5*a = -f. List the prime factors of a.
5
Suppose 0 = -2*u - 4*r, -4*r - 7 - 3 = -3*u. Let z(i) = 6*i**3 + i**2 - 2*i - 1. What are the prime factors of z(u)?
47
Suppose -2*h - 5*j = -7, 1 = -5*h - j + 7. Let l be h/(100/(-48) + 2). Let r = l - -14. What are the prime factors of r?
2
Let j(a) = -14*a - 37. Suppose -2*b + 4*g - 4 = 0, 2*b - b = 3*g. What are the prime factors of j(b)?
47
Suppose 4*d + 2*o + 10 = 0, 3*d + 0*d + 4*o = 0. Suppose 3*i - k - 44 = -2*k, 0 = 4*i + 3*k - 52. What are the prime factors of 1/d + 36/i?
2
Let u = -14 - -14. Suppose -5*y - 3*p = -349, u = 3*y - p + 6*p - 203. What are the prime factors of y?
71
Let v be (-20 - -23)*(-8)/6. List the prime factors of 85 - v*4/8.
3, 29
Let f be (1 + -8)/(5/(-45)). Let w = f - 1. List the prime factors of w.
2, 31
List the prime factors of 1/1*(-1 - -12*28).
5, 67
Let d = 1407 - 445. List the prime factors of d.
2, 13, 37
Let t(a) be the third derivative of a**5/15 - 5*a**3/6 - 2*a**2. What are the prime factors of t(-3)?
31
Suppose -4*o + 63 = -69. Suppose o + 81 = 2*g. What are the prime factors of g?
3, 19
Let v = 137 + -29. List the prime factors of v.
2, 3
Let z = 4521 - 2824. List the prime factors of z.
1697
Suppose 3*w + 9 = 6*w. Suppose 0 = -w*f + 6, f = 5*r - 43. Let i(m) = m**2 - 7*m - 2. List the prime factors of i(r).
2
Let l(n) = n**3 - 10*n**2 + 9*n - 10. Let j be l(9). Let x(t) = -5*t - 25. What are the prime factors of x(j)?
5
Let b(h) = -h**2 - 3*h + 43. Let i = 25 - 25. What are the prime factors of b(i)?
43
Let m be (0 + (-18)/(-4))*(-22)/(-33). Suppose -4*h = 4*p - 628, -h - m*p + 4*p = -153. List the prime factors of h.
5, 31
Let k(h) be the third derivative of h**6/120 + h**5/12 - h**4/6 + h**3 - 2*h**2. Let o = -16 + 11. What are the prime factors of k(o)?
2, 13
Suppose -5*t - 764 - 3717 = -2*k, -3*k = -4*t - 6732. List the prime factors of k.
2, 281
Suppose 5*b + 64 = 2*c - 5*c, -c = 5*b + 8. Let g = -12 - c. List the prime factors of g.
2
Let j = -42 - -47. Suppose -4*i + 14 = 2*p, p = -j*i - 0*i + 10. List the prime factors of p.
5
Let g = -2027 - -3894. What are the prime factors of g?
1867
Suppose 2 = 2*u - 5*u - 5*d, -4*u + 40 = -4*d. Suppose 0 = u*n - 421 - 65. What are the prime factors of n?
3
Let t be (-374)/18 + 10/(-45). Let d = -5 - t. Suppose -4*x - 2*i = -20, -4*x + 0*i - 3*i = -d. What are the prime factors of x?
7
Suppose 2*p - 3492 = 3*v, 2*p - 5*v - 1436 = 2064. What are the prime factors of p?
2, 3, 5, 29
Let j = -66 + -31. Let a = 59 - j. What are the prime factors of a?
2, 3, 13
Suppose 0 = 3*i - p - 2331, 0*p - 3886 = -5*i + 2*p. What are the prime factors of i?
2, 97
Let v = -22 - -7. Let c = 18 + v. What are the prime factors of c + -4 - (-1 + -19)?
19
Let g(t) = t + 18. Let j be g(-14). Suppose 0 = 5*h - j*m - 765, 27 = -4*h + m + 639. What are the prime factors of h?
3, 17
Let r(w) = 3*w**3 - 7*w**2 - 13*w - 11. What are the prime factors of r(8)?
7, 139
Suppose -2340 = -0*r - 2*r + 2*o, 2348 = 2*r + 2*o. List the prime factors of r.
2, 293
Let r(m) = -m**2 + 8*m - 2. Let z be r(7). Suppose 0 = -z*g + 2*i + 267, g + 0*i - 54 = i. What are the prime factors of g?
53
Suppose -5*j - 5*v = -20, 8 + 6 = 4*j + 2*v. Suppose j*y - 1244 = -y. List the prime factors of y.
311
Suppose -5*f - 4*k = -157, 5*f = -0*k - 2*k + 161. Let l = 93 - f. List the prime factors of l.
2, 3, 5
Suppose -8*w = -w - 1043. Let l = w - 61. What are the prime factors of l?
2, 11
Suppose -11 = 5*i + 9. List the prime factors of (i + (-9)/(-2))*122.
61
Suppose -4*h - 4*l = -4684, 5*h - 4*l = 11*h - 7036. List the prime factors of h.
2, 3, 7
Let j(w) = -4 + 2 - 33*w + 30*w. Let l be j(-8). Let c = l - -15. What are the prime factors of c?
37
Let t = 10 + -8. Suppose y + t*r - 22 = 7, -5*y = -r - 90. Suppose -y = -3*a + 29. List the prime factors of a.
2
List the prime factors of ((-8672)/6)/(-2) + 4/12.
3, 241
Let d be (-4)/18 + (-20)/(-9). Suppose 0*a = -d*a + 10. Suppose -a*q + 59 = 2*z, -3*z = 4*q - 5*q - 63. What are the prime factors of z?
2, 11
Suppose 0 = 2*k + 8, -x - 6*k = -k + 18. Suppose x*a = 3*z + 2*z + 100, -2*a + 4*z + 98 = 0. List the prime fac